{"id":1313,"date":"2021-03-09T13:34:12","date_gmt":"2021-03-09T13:34:12","guid":{"rendered":"http:\/\/sigmaqc.co\/inicio\/?page_id=1313"},"modified":"2026-04-27T17:47:27","modified_gmt":"2026-04-27T17:47:27","slug":"tutoriales","status":"publish","type":"page","link":"https:\/\/sigmaqc.co\/inicio\/tutoriales\/","title":{"rendered":"Plataforma &#8211; Tutoriales"},"content":{"rendered":"\t\t<div data-elementor-type=\"wp-page\" data-elementor-id=\"1313\" class=\"elementor elementor-1313\">\n\t\t\t\t\t\t<section class=\"elementor-section elementor-top-section elementor-element elementor-element-6060c0b elementor-section-boxed elementor-section-height-default elementor-section-height-default\" data-id=\"6060c0b\" data-element_type=\"section\">\n\t\t\t\t\t\t<div class=\"elementor-container elementor-column-gap-default\">\n\t\t\t\t\t<div class=\"elementor-column elementor-col-100 elementor-top-column elementor-element elementor-element-29889c4\" data-id=\"29889c4\" data-element_type=\"column\">\n\t\t\t<div class=\"elementor-widget-wrap elementor-element-populated\">\n\t\t\t\t\t\t<div class=\"elementor-element elementor-element-2be034b elementor-align-center animated-slow elementor-invisible elementor-widget elementor-widget-button\" data-id=\"2be034b\" data-element_type=\"widget\" data-settings=\"{&quot;_animation&quot;:&quot;fadeIn&quot;}\" data-widget_type=\"button.default\">\n\t\t\t\t<div class=\"elementor-widget-container\">\n\t\t\t\t\t<div class=\"elementor-button-wrapper\">\n\t\t\t<a class=\"elementor-button elementor-button-link elementor-size-sm elementor-animation-bounce-in\" href=\"https:\/\/pv-orum.up.railway.app\/sigmaqc\/credenciales\" target=\"_blank\">\n\t\t\t\t\t\t<span class=\"elementor-button-content-wrapper\">\n\t\t\t\t\t\t\t\t\t<span class=\"elementor-button-text\">Olvidaste tu contrase\u00f1a? (da clic aqu\u00ed)<\/span>\n\t\t\t\t\t<\/span>\n\t\t\t\t\t<\/a>\n\t\t<\/div>\n\t\t\t\t<\/div>\n\t\t\t\t<\/div>\n\t\t\t\t<div class=\"elementor-element elementor-element-9db2d06 elementor-widget-divider--view-line elementor-widget elementor-widget-divider\" data-id=\"9db2d06\" data-element_type=\"widget\" data-widget_type=\"divider.default\">\n\t\t\t\t<div class=\"elementor-widget-container\">\n\t\t\t\t\t<div class=\"elementor-divider\">\n\t\t\t<span class=\"elementor-divider-separator\">\n\t\t\t\t\t\t<\/span>\n\t\t<\/div>\n\t\t\t\t<\/div>\n\t\t\t\t<\/div>\n\t\t\t\t<div class=\"elementor-element elementor-element-178ad6f elementor-widget elementor-widget-heading\" data-id=\"178ad6f\" data-element_type=\"widget\" data-widget_type=\"heading.default\">\n\t\t\t\t<div class=\"elementor-widget-container\">\n\t\t\t<h2 class=\"elementor-heading-title elementor-size-default\">Nueva Plataforma ESfEQA TEQA 2.0<\/h2>\t\t<\/div>\n\t\t\t\t<\/div>\n\t\t\t\t\t<\/div>\n\t\t<\/div>\n\t\t\t\t\t<\/div>\n\t\t<\/section>\n\t\t\t\t<section class=\"elementor-section elementor-top-section elementor-element elementor-element-0501e3e elementor-section-boxed elementor-section-height-default elementor-section-height-default\" data-id=\"0501e3e\" data-element_type=\"section\">\n\t\t\t\t\t\t<div class=\"elementor-container elementor-column-gap-default\">\n\t\t\t\t\t<div class=\"elementor-column elementor-col-100 elementor-top-column elementor-element elementor-element-9f738b5\" data-id=\"9f738b5\" data-element_type=\"column\">\n\t\t\t<div class=\"elementor-widget-wrap elementor-element-populated\">\n\t\t\t\t\t\t<div class=\"elementor-element elementor-element-6ad8d3a elementor-align-center elementor-widget elementor-widget-button\" data-id=\"6ad8d3a\" data-element_type=\"widget\" data-widget_type=\"button.default\">\n\t\t\t\t<div class=\"elementor-widget-container\">\n\t\t\t\t\t<div class=\"elementor-button-wrapper\">\n\t\t\t<a class=\"elementor-button elementor-button-link elementor-size-lg\" href=\"https:\/\/teqa-labv2.esfeqa.eu\/\" target=\"_blank\">\n\t\t\t\t\t\t<span class=\"elementor-button-content-wrapper\">\n\t\t\t\t\t\t\t\t\t<span class=\"elementor-button-text\">Ingresa ac\u00e1<\/span>\n\t\t\t\t\t<\/span>\n\t\t\t\t\t<\/a>\n\t\t<\/div>\n\t\t\t\t<\/div>\n\t\t\t\t<\/div>\n\t\t\t\t<div class=\"elementor-element elementor-element-4baf9fd elementor-absolute animated-slow elementor-invisible elementor-widget elementor-widget-text-editor\" data-id=\"4baf9fd\" data-element_type=\"widget\" data-settings=\"{&quot;_position&quot;:&quot;absolute&quot;,&quot;_animation&quot;:&quot;flash&quot;}\" data-widget_type=\"text-editor.default\">\n\t\t\t\t<div class=\"elementor-widget-container\">\n\t\t\t\t\t\t\t<p>NUEVO!<\/p>\t\t\t\t\t\t<\/div>\n\t\t\t\t<\/div>\n\t\t\t\t<div class=\"elementor-element elementor-element-60b7573 elementor-widget elementor-widget-image\" data-id=\"60b7573\" data-element_type=\"widget\" data-widget_type=\"image.default\">\n\t\t\t\t<div class=\"elementor-widget-container\">\n\t\t\t\t\t\t\t\t\t\t\t\t\t\t<a href=\"https:\/\/teqa-labv2.esfeqa.eu\/\" target=\"_blank\">\n\t\t\t\t\t\t\t<img decoding=\"async\" width=\"300\" height=\"114\" data-src=\"https:\/\/sigmaqc.co\/inicio\/wp-content\/uploads\/2021\/03\/esfeqa4-300x114.jpg\" class=\"elementor-animation-float attachment-medium size-medium wp-image-1322 lazyload\" alt=\"\" data-srcset=\"https:\/\/sigmaqc.co\/inicio\/wp-content\/uploads\/2021\/03\/esfeqa4-300x114.jpg 300w, https:\/\/sigmaqc.co\/inicio\/wp-content\/uploads\/2021\/03\/esfeqa4-1024x389.jpg 1024w, https:\/\/sigmaqc.co\/inicio\/wp-content\/uploads\/2021\/03\/esfeqa4-768x292.jpg 768w, https:\/\/sigmaqc.co\/inicio\/wp-content\/uploads\/2021\/03\/esfeqa4.jpg 1120w\" data-sizes=\"(max-width: 300px) 100vw, 300px\" src=\"data:image\/svg+xml;base64,PHN2ZyB3aWR0aD0iMSIgaGVpZ2h0PSIxIiB4bWxucz0iaHR0cDovL3d3dy53My5vcmcvMjAwMC9zdmciPjwvc3ZnPg==\" style=\"--smush-placeholder-width: 300px; --smush-placeholder-aspect-ratio: 300\/114;\" \/>\t\t\t\t\t\t\t\t<\/a>\n\t\t\t\t\t\t\t\t\t\t\t\t\t<\/div>\n\t\t\t\t<\/div>\n\t\t\t\t\t<\/div>\n\t\t<\/div>\n\t\t\t\t\t<\/div>\n\t\t<\/section>\n\t\t\t\t<section class=\"elementor-section elementor-top-section elementor-element elementor-element-a706c90 elementor-section-boxed elementor-section-height-default elementor-section-height-default\" data-id=\"a706c90\" data-element_type=\"section\">\n\t\t\t\t\t\t<div class=\"elementor-container elementor-column-gap-default\">\n\t\t\t\t\t<div class=\"elementor-column elementor-col-100 elementor-top-column elementor-element elementor-element-71d7b10\" data-id=\"71d7b10\" data-element_type=\"column\">\n\t\t\t<div class=\"elementor-widget-wrap elementor-element-populated\">\n\t\t\t\t\t\t<div class=\"elementor-element elementor-element-cf4cfc1 elementor-widget elementor-widget-heading\" data-id=\"cf4cfc1\" data-element_type=\"widget\" data-widget_type=\"heading.default\">\n\t\t\t\t<div class=\"elementor-widget-container\">\n\t\t\t<h2 class=\"elementor-heading-title elementor-size-default\">Ingreso a Plataformas<\/h2>\t\t<\/div>\n\t\t\t\t<\/div>\n\t\t\t\t\t<\/div>\n\t\t<\/div>\n\t\t\t\t\t<\/div>\n\t\t<\/section>\n\t\t\t\t<section class=\"elementor-section elementor-top-section elementor-element elementor-element-b87beb3 elementor-section-boxed elementor-section-height-default elementor-section-height-default\" data-id=\"b87beb3\" data-element_type=\"section\">\n\t\t\t\t\t\t<div class=\"elementor-container elementor-column-gap-default\">\n\t\t\t\t\t<div class=\"elementor-column elementor-col-25 elementor-top-column elementor-element elementor-element-aaf827b\" data-id=\"aaf827b\" data-element_type=\"column\">\n\t\t\t<div class=\"elementor-widget-wrap elementor-element-populated\">\n\t\t\t\t\t\t<div class=\"elementor-element elementor-element-faf4dea elementor-align-center elementor-widget elementor-widget-button\" data-id=\"faf4dea\" data-element_type=\"widget\" data-widget_type=\"button.default\">\n\t\t\t\t<div class=\"elementor-widget-container\">\n\t\t\t\t\t<div class=\"elementor-button-wrapper\">\n\t\t\t<a class=\"elementor-button elementor-button-link elementor-size-lg\" href=\"http:\/\/www.peesigma.com:8080\/jw\/web\/login\" target=\"_blank\">\n\t\t\t\t\t\t<span class=\"elementor-button-content-wrapper\">\n\t\t\t\t\t\t\t\t\t<span class=\"elementor-button-text\">Ingresa ac\u00e1<\/span>\n\t\t\t\t\t<\/span>\n\t\t\t\t\t<\/a>\n\t\t<\/div>\n\t\t\t\t<\/div>\n\t\t\t\t<\/div>\n\t\t\t\t<div class=\"elementor-element elementor-element-479e016 elementor-widget elementor-widget-image\" data-id=\"479e016\" data-element_type=\"widget\" data-widget_type=\"image.default\">\n\t\t\t\t<div class=\"elementor-widget-container\">\n\t\t\t\t\t\t\t\t\t\t\t\t\t\t<a href=\"http:\/\/www.peesigma.com:8080\/jw\/web\/login\" target=\"_blank\">\n\t\t\t\t\t\t\t<img fetchpriority=\"high\" decoding=\"async\" width=\"640\" height=\"274\" src=\"https:\/\/sigmaqc.co\/inicio\/wp-content\/uploads\/2022\/07\/Sigma-externo-nuevo-1024x439.jpg\" class=\"elementor-animation-float attachment-large size-large wp-image-1841\" alt=\"\" srcset=\"https:\/\/sigmaqc.co\/inicio\/wp-content\/uploads\/2022\/07\/Sigma-externo-nuevo-1024x439.jpg 1024w, https:\/\/sigmaqc.co\/inicio\/wp-content\/uploads\/2022\/07\/Sigma-externo-nuevo-300x129.jpg 300w, https:\/\/sigmaqc.co\/inicio\/wp-content\/uploads\/2022\/07\/Sigma-externo-nuevo-768x329.jpg 768w, https:\/\/sigmaqc.co\/inicio\/wp-content\/uploads\/2022\/07\/Sigma-externo-nuevo-1536x658.jpg 1536w, https:\/\/sigmaqc.co\/inicio\/wp-content\/uploads\/2022\/07\/Sigma-externo-nuevo.jpg 1655w\" sizes=\"(max-width: 640px) 100vw, 640px\" \/>\t\t\t\t\t\t\t\t<\/a>\n\t\t\t\t\t\t\t\t\t\t\t\t\t<\/div>\n\t\t\t\t<\/div>\n\t\t\t\t\t<\/div>\n\t\t<\/div>\n\t\t\t\t<div class=\"elementor-column elementor-col-25 elementor-top-column elementor-element elementor-element-e88e23f\" data-id=\"e88e23f\" data-element_type=\"column\">\n\t\t\t<div class=\"elementor-widget-wrap elementor-element-populated\">\n\t\t\t\t\t\t<div class=\"elementor-element elementor-element-0876ed3 elementor-align-center elementor-widget elementor-widget-button\" data-id=\"0876ed3\" data-element_type=\"widget\" data-widget_type=\"button.default\">\n\t\t\t\t<div class=\"elementor-widget-container\">\n\t\t\t\t\t<div class=\"elementor-button-wrapper\">\n\t\t\t<a class=\"elementor-button elementor-button-link elementor-size-lg\" href=\"https:\/\/teqa.esfeqa.eu\/\" target=\"_blank\">\n\t\t\t\t\t\t<span class=\"elementor-button-content-wrapper\">\n\t\t\t\t\t\t\t\t\t<span class=\"elementor-button-text\">Ingresa ac\u00e1<\/span>\n\t\t\t\t\t<\/span>\n\t\t\t\t\t<\/a>\n\t\t<\/div>\n\t\t\t\t<\/div>\n\t\t\t\t<\/div>\n\t\t\t\t<div class=\"elementor-element elementor-element-063a4e9 elementor-widget elementor-widget-image\" data-id=\"063a4e9\" data-element_type=\"widget\" data-widget_type=\"image.default\">\n\t\t\t\t<div class=\"elementor-widget-container\">\n\t\t\t\t\t\t\t\t\t\t\t\t\t\t<a href=\"https:\/\/teqa.esfeqa.eu\/\" target=\"_blank\">\n\t\t\t\t\t\t\t<img decoding=\"async\" width=\"640\" height=\"243\" data-src=\"https:\/\/sigmaqc.co\/inicio\/wp-content\/uploads\/2021\/03\/esfeqa4-1024x389.jpg\" class=\"elementor-animation-float attachment-large size-large wp-image-1322 lazyload\" alt=\"\" data-srcset=\"https:\/\/sigmaqc.co\/inicio\/wp-content\/uploads\/2021\/03\/esfeqa4-1024x389.jpg 1024w, https:\/\/sigmaqc.co\/inicio\/wp-content\/uploads\/2021\/03\/esfeqa4-300x114.jpg 300w, https:\/\/sigmaqc.co\/inicio\/wp-content\/uploads\/2021\/03\/esfeqa4-768x292.jpg 768w, https:\/\/sigmaqc.co\/inicio\/wp-content\/uploads\/2021\/03\/esfeqa4.jpg 1120w\" data-sizes=\"(max-width: 640px) 100vw, 640px\" src=\"data:image\/svg+xml;base64,PHN2ZyB3aWR0aD0iMSIgaGVpZ2h0PSIxIiB4bWxucz0iaHR0cDovL3d3dy53My5vcmcvMjAwMC9zdmciPjwvc3ZnPg==\" style=\"--smush-placeholder-width: 640px; --smush-placeholder-aspect-ratio: 640\/243;\" \/>\t\t\t\t\t\t\t\t<\/a>\n\t\t\t\t\t\t\t\t\t\t\t\t\t<\/div>\n\t\t\t\t<\/div>\n\t\t\t\t\t<\/div>\n\t\t<\/div>\n\t\t\t\t<div class=\"elementor-column elementor-col-25 elementor-top-column elementor-element elementor-element-8c0c0e6\" data-id=\"8c0c0e6\" data-element_type=\"column\">\n\t\t\t<div class=\"elementor-widget-wrap elementor-element-populated\">\n\t\t\t\t\t\t<div class=\"elementor-element elementor-element-e73b11f elementor-align-center elementor-widget elementor-widget-button\" data-id=\"e73b11f\" data-element_type=\"widget\" data-widget_type=\"button.default\">\n\t\t\t\t<div class=\"elementor-widget-container\">\n\t\t\t\t\t<div class=\"elementor-button-wrapper\">\n\t\t\t<a class=\"elementor-button elementor-button-link elementor-size-lg\" href=\"https:\/\/qc.com.ro\/\" target=\"_blank\">\n\t\t\t\t\t\t<span class=\"elementor-button-content-wrapper\">\n\t\t\t\t\t\t\t\t\t<span class=\"elementor-button-text\">Ingresa ac\u00e1<\/span>\n\t\t\t\t\t<\/span>\n\t\t\t\t\t<\/a>\n\t\t<\/div>\n\t\t\t\t<\/div>\n\t\t\t\t<\/div>\n\t\t\t\t<div class=\"elementor-element elementor-element-76a27c6 elementor-widget elementor-widget-image\" data-id=\"76a27c6\" data-element_type=\"widget\" data-widget_type=\"image.default\">\n\t\t\t\t<div class=\"elementor-widget-container\">\n\t\t\t\t\t\t\t\t\t\t\t\t\t\t<a href=\"http:\/\/www.qc.com.ro\" target=\"_blank\">\n\t\t\t\t\t\t\t<img decoding=\"async\" width=\"640\" height=\"258\" data-src=\"https:\/\/sigmaqc.co\/inicio\/wp-content\/uploads\/2021\/09\/NQS-1024x413.jpg\" class=\"elementor-animation-float attachment-large size-large wp-image-1406 lazyload\" alt=\"\" data-srcset=\"https:\/\/sigmaqc.co\/inicio\/wp-content\/uploads\/2021\/09\/NQS-1024x413.jpg 1024w, https:\/\/sigmaqc.co\/inicio\/wp-content\/uploads\/2021\/09\/NQS-300x121.jpg 300w, https:\/\/sigmaqc.co\/inicio\/wp-content\/uploads\/2021\/09\/NQS-768x310.jpg 768w, https:\/\/sigmaqc.co\/inicio\/wp-content\/uploads\/2021\/09\/NQS-1536x620.jpg 1536w, https:\/\/sigmaqc.co\/inicio\/wp-content\/uploads\/2021\/09\/NQS-2048x826.jpg 2048w\" data-sizes=\"(max-width: 640px) 100vw, 640px\" src=\"data:image\/svg+xml;base64,PHN2ZyB3aWR0aD0iMSIgaGVpZ2h0PSIxIiB4bWxucz0iaHR0cDovL3d3dy53My5vcmcvMjAwMC9zdmciPjwvc3ZnPg==\" style=\"--smush-placeholder-width: 640px; --smush-placeholder-aspect-ratio: 640\/258;\" \/>\t\t\t\t\t\t\t\t<\/a>\n\t\t\t\t\t\t\t\t\t\t\t\t\t<\/div>\n\t\t\t\t<\/div>\n\t\t\t\t\t<\/div>\n\t\t<\/div>\n\t\t\t\t<div class=\"elementor-column elementor-col-25 elementor-top-column elementor-element elementor-element-b648602\" data-id=\"b648602\" data-element_type=\"column\">\n\t\t\t<div class=\"elementor-widget-wrap elementor-element-populated\">\n\t\t\t\t\t\t<div class=\"elementor-element elementor-element-e38bdc4 elementor-align-center elementor-widget elementor-widget-button\" data-id=\"e38bdc4\" data-element_type=\"widget\" data-widget_type=\"button.default\">\n\t\t\t\t<div class=\"elementor-widget-container\">\n\t\t\t\t\t<div class=\"elementor-button-wrapper\">\n\t\t\t<a class=\"elementor-button elementor-button-link elementor-size-lg\" href=\"https:\/\/consultoriasintegrales.com.co:8442\/jw\/web\/login\" target=\"_blank\">\n\t\t\t\t\t\t<span class=\"elementor-button-content-wrapper\">\n\t\t\t\t\t\t\t\t\t<span class=\"elementor-button-text\">Ingresa ac\u00e1<\/span>\n\t\t\t\t\t<\/span>\n\t\t\t\t\t<\/a>\n\t\t<\/div>\n\t\t\t\t<\/div>\n\t\t\t\t<\/div>\n\t\t\t\t<div class=\"elementor-element elementor-element-8e927ec elementor-widget elementor-widget-image\" data-id=\"8e927ec\" data-element_type=\"widget\" data-widget_type=\"image.default\">\n\t\t\t\t<div class=\"elementor-widget-container\">\n\t\t\t\t\t\t\t\t\t\t\t\t\t\t<a href=\"https:\/\/consultoriasintegrales.com.co:8443\/jw\/web\/login?login_error=1\" target=\"_blank\">\n\t\t\t\t\t\t\t<img decoding=\"async\" width=\"215\" height=\"76\" data-src=\"https:\/\/sigmaqc.co\/inicio\/wp-content\/uploads\/2022\/09\/IQC-LAB.jpg\" class=\"elementor-animation-float attachment-large size-large wp-image-2367 lazyload\" alt=\"\" src=\"data:image\/svg+xml;base64,PHN2ZyB3aWR0aD0iMSIgaGVpZ2h0PSIxIiB4bWxucz0iaHR0cDovL3d3dy53My5vcmcvMjAwMC9zdmciPjwvc3ZnPg==\" style=\"--smush-placeholder-width: 215px; --smush-placeholder-aspect-ratio: 215\/76;\" \/>\t\t\t\t\t\t\t\t<\/a>\n\t\t\t\t\t\t\t\t\t\t\t\t\t<\/div>\n\t\t\t\t<\/div>\n\t\t\t\t\t<\/div>\n\t\t<\/div>\n\t\t\t\t\t<\/div>\n\t\t<\/section>\n\t\t\t\t<section class=\"elementor-section elementor-top-section elementor-element elementor-element-71af5bf elementor-section-boxed elementor-section-height-default elementor-section-height-default\" data-id=\"71af5bf\" data-element_type=\"section\">\n\t\t\t\t\t\t<div class=\"elementor-container elementor-column-gap-default\">\n\t\t\t\t\t<div class=\"elementor-column elementor-col-100 elementor-top-column elementor-element elementor-element-5ce3a3f\" data-id=\"5ce3a3f\" data-element_type=\"column\">\n\t\t\t<div class=\"elementor-widget-wrap\">\n\t\t\t\t\t\t\t<\/div>\n\t\t<\/div>\n\t\t\t\t\t<\/div>\n\t\t<\/section>\n\t\t\t\t<\/div>\n\t\t","protected":false},"excerpt":{"rendered":"<p>Olvidaste tu contrase\u00f1a? (da clic aqu\u00ed) Nueva Plataforma ESfEQA TEQA 2.0 Ingresa ac\u00e1 NUEVO! Ingreso a Plataformas Ingresa ac\u00e1 Ingresa ac\u00e1 Ingresa ac\u00e1 Ingresa ac\u00e1 <\/p>\n<div class=\"drchanges-read-more-link-wrap\"><a class=\"drchanges-read-more-link\" href=\"https:\/\/sigmaqc.co\/inicio\/tutoriales\/\">Read More<\/a><\/div>\n","protected":false},"author":1,"featured_media":0,"parent":0,"menu_order":0,"comment_status":"closed","ping_status":"closed","template":"","meta":{"footnotes":""},"class_list":["post-1313","page","type-page","status-publish","hentry"],"_links":{"self":[{"href":"https:\/\/sigmaqc.co\/inicio\/wp-json\/wp\/v2\/pages\/1313","targetHints":{"allow":["GET"]}}],"collection":[{"href":"https:\/\/sigmaqc.co\/inicio\/wp-json\/wp\/v2\/pages"}],"about":[{"href":"https:\/\/sigmaqc.co\/inicio\/wp-json\/wp\/v2\/types\/page"}],"author":[{"embeddable":true,"href":"https:\/\/sigmaqc.co\/inicio\/wp-json\/wp\/v2\/users\/1"}],"replies":[{"embeddable":true,"href":"https:\/\/sigmaqc.co\/inicio\/wp-json\/wp\/v2\/comments?post=1313"}],"version-history":[{"count":242,"href":"https:\/\/sigmaqc.co\/inicio\/wp-json\/wp\/v2\/pages\/1313\/revisions"}],"predecessor-version":[{"id":6395,"href":"https:\/\/sigmaqc.co\/inicio\/wp-json\/wp\/v2\/pages\/1313\/revisions\/6395"}],"wp:attachment":[{"href":"https:\/\/sigmaqc.co\/inicio\/wp-json\/wp\/v2\/media?parent=1313"}],"curies":[{"name":"wp","href":"https:\/\/api.w.org\/{rel}","templated":true}]}}